{"id":5647,"date":"2025-08-05T17:02:04","date_gmt":"2025-08-05T17:02:04","guid":{"rendered":"https:\/\/lasformasdelalma.com\/?page_id=5647"},"modified":"2025-08-06T17:25:01","modified_gmt":"2025-08-06T17:25:01","slug":"about-us-2","status":"publish","type":"page","link":"https:\/\/lasformasdelalma.com\/","title":{"rendered":"Inicio"},"content":{"rendered":"\t\t<div data-elementor-type=\"wp-page\" data-elementor-id=\"5647\" class=\"elementor elementor-5647\">\n\t\t\t\t<div class=\"elementor-element elementor-element-5492189 e-con-full e-flex qodef-elementor-content-no e-con e-parent\" data-id=\"5492189\" data-element_type=\"container\">\n\t\t<div class=\"elementor-element elementor-element-e2ff7b0 e-con-full e-flex qodef-elementor-content-no e-con e-child\" data-id=\"e2ff7b0\" data-element_type=\"container\">\n\t\t\t\t<div class=\"elementor-element elementor-element-a4cf701 elementor-widget elementor-widget-eael-sticky-video\" data-id=\"a4cf701\" data-element_type=\"widget\" data-widget_type=\"eael-sticky-video.default\">\n\t\t\t\t\t<div class=\"eael-sticky-video-wrapper eaelsv-overlay-visibility-\"><div class=\"eael-sticky-video-player2\" data-sticky=\"yes\" data-position=\"bottom-right\" data-sheight=\"169\" data-swidth=\"300\" data-scroll_height=\"70\" data-autoplay=\"yes\" data-overlay=\"no\"><div\n\t\t\tid=\"eaelsv-player-a4cf701\"\n\t\t\tdata-plyr-provider=\"youtube\"\n\t\t\tdata-plyr-embed-id=\"eheS186no1A\"\n\t\t\tdata-plyr-config=\"{&quot;storage&quot;: {&quot;enabled&quot;: false, &quot;key&quot;: &quot;plyr&quot;}, &quot;autoplay&quot;:1, &quot;muted&quot;:1, &quot;volume&quot;:0, &quot;loop&quot;: {&quot;active&quot;: true}}\"\n\t\t><\/div>\n\t\t\t\t<span class=\"eaelsv-sticky-player-close\"><i class=\"fas fa-times-circle\"><\/i><\/span>\n\t\t\t<\/div>\n\t\t<\/div>\t\t\t\t<\/div>\n\t\t\t\t<div class=\"elementor-element elementor-element-4b1a31c elementor-widget elementor-widget-qi_addons_for_elementor_image_gallery_masonry\" data-id=\"4b1a31c\" data-element_type=\"widget\" data-widget_type=\"qi_addons_for_elementor_image_gallery_masonry.default\">\n\t\t\t\t<div class=\"elementor-widget-container\">\n\t\t\t\t\t<div class=\"qodef-shortcode qodef-m qodef-qi-image-gallery-masonry qodef-image--hover-zoom-out qodef-qi-grid qodef-layout--qi-masonry qodef-items--fixed qodef-col-num--4 qodef-responsive--predefined\">\n\t<div class=\"qodef-grid-inner\">\n\t\t\t<div class=\"qodef-qi-grid-masonry-sizer\"><\/div>\n<div class=\"qodef-e qodef-image-wrapper qodef-grid-item qodef-item--portrait\">\n\t<div class=\"qodef-e-inner\">\n\t\t\t\t\t<img fetchpriority=\"high\" decoding=\"async\" width=\"360\" height=\"540\" src=\"https:\/\/lasformasdelalma.com\/wp-content\/uploads\/2025\/08\/05-EUGENIO-SMALL.jpg\" class=\"attachment-qi_addons_for_elementor_image_size_portrait size-qi_addons_for_elementor_image_size_portrait\" alt=\"\" srcset=\"https:\/\/lasformasdelalma.com\/wp-content\/uploads\/2025\/08\/05-EUGENIO-SMALL.jpg 360w, https:\/\/lasformasdelalma.com\/wp-content\/uploads\/2025\/08\/05-EUGENIO-SMALL-200x300.jpg 200w\" sizes=\"(max-width: 360px) 100vw, 360px\" \/>\t\t\t<\/div>\n<\/div>\n<div class=\"qodef-e qodef-image-wrapper qodef-grid-item qodef-item--landscape\">\n\t<div class=\"qodef-e-inner\">\n\t\t\t\t\t<img decoding=\"async\" width=\"540\" height=\"360\" src=\"https:\/\/lasformasdelalma.com\/wp-content\/uploads\/2025\/08\/01-ARACELY-SMALL.jpg\" class=\"attachment-qi_addons_for_elementor_image_size_landscape size-qi_addons_for_elementor_image_size_landscape\" alt=\"\" srcset=\"https:\/\/lasformasdelalma.com\/wp-content\/uploads\/2025\/08\/01-ARACELY-SMALL.jpg 540w, https:\/\/lasformasdelalma.com\/wp-content\/uploads\/2025\/08\/01-ARACELY-SMALL-300x200.jpg 300w\" sizes=\"(max-width: 540px) 100vw, 540px\" \/>\t\t\t<\/div>\n<\/div>\n<div class=\"qodef-e qodef-image-wrapper qodef-grid-item qodef-item--portrait\">\n\t<div class=\"qodef-e-inner\">\n\t\t\t\t\t<img decoding=\"async\" width=\"340\" height=\"510\" src=\"https:\/\/lasformasdelalma.com\/wp-content\/uploads\/2025\/08\/02-B-MORI-SMALL.jpg\" class=\"attachment-qi_addons_for_elementor_image_size_portrait size-qi_addons_for_elementor_image_size_portrait\" alt=\"\" srcset=\"https:\/\/lasformasdelalma.com\/wp-content\/uploads\/2025\/08\/02-B-MORI-SMALL.jpg 340w, https:\/\/lasformasdelalma.com\/wp-content\/uploads\/2025\/08\/02-B-MORI-SMALL-200x300.jpg 200w\" sizes=\"(max-width: 340px) 100vw, 340px\" \/>\t\t\t<\/div>\n<\/div>\n<div class=\"qodef-e qodef-image-wrapper qodef-grid-item qodef-item--portrait\">\n\t<div class=\"qodef-e-inner\">\n\t\t\t\t\t<img loading=\"lazy\" decoding=\"async\" width=\"360\" height=\"540\" src=\"https:\/\/lasformasdelalma.com\/wp-content\/uploads\/2025\/08\/03-XIMENA-SMALL.jpg\" class=\"attachment-qi_addons_for_elementor_image_size_portrait size-qi_addons_for_elementor_image_size_portrait\" alt=\"\" srcset=\"https:\/\/lasformasdelalma.com\/wp-content\/uploads\/2025\/08\/03-XIMENA-SMALL.jpg 360w, https:\/\/lasformasdelalma.com\/wp-content\/uploads\/2025\/08\/03-XIMENA-SMALL-200x300.jpg 200w\" sizes=\"(max-width: 360px) 100vw, 360px\" \/>\t\t\t<\/div>\n<\/div>\n<div class=\"qodef-e qodef-image-wrapper qodef-grid-item qodef-item--portrait\">\n\t<div class=\"qodef-e-inner\">\n\t\t\t\t\t<img loading=\"lazy\" decoding=\"async\" width=\"360\" height=\"540\" src=\"https:\/\/lasformasdelalma.com\/wp-content\/uploads\/2025\/08\/04-SEBASTIAN-SMALL.jpg\" class=\"attachment-qi_addons_for_elementor_image_size_portrait size-qi_addons_for_elementor_image_size_portrait\" alt=\"\" srcset=\"https:\/\/lasformasdelalma.com\/wp-content\/uploads\/2025\/08\/04-SEBASTIAN-SMALL.jpg 360w, https:\/\/lasformasdelalma.com\/wp-content\/uploads\/2025\/08\/04-SEBASTIAN-SMALL-200x300.jpg 200w\" sizes=\"(max-width: 360px) 100vw, 360px\" \/>\t\t\t<\/div>\n<\/div>\n\t<\/div>\n<\/div>\n\t\t\t\t<\/div>\n\t\t\t\t<\/div>\n\t\t\t\t<\/div>\n\t\t<div class=\"elementor-element elementor-element-2eea6ba e-flex e-con-boxed qodef-elementor-content-no e-con e-child\" data-id=\"2eea6ba\" data-element_type=\"container\" data-settings=\"{&quot;background_background&quot;:&quot;classic&quot;}\">\n\t\t\t\t\t<div class=\"e-con-inner\">\n\t\t<div class=\"elementor-element elementor-element-c914d70 e-con-full e-flex qodef-elementor-content-no e-con e-child\" data-id=\"c914d70\" data-element_type=\"container\">\n\t\t\t\t<div class=\"elementor-element elementor-element-2b976f9 elementor-widget__width-initial elementor-widget elementor-widget-image\" data-id=\"2b976f9\" data-element_type=\"widget\" data-widget_type=\"image.default\">\n\t\t\t\t\t\t\t\t\t\t\t\t\t\t\t<img loading=\"lazy\" decoding=\"async\" width=\"400\" height=\"210\" src=\"https:\/\/lasformasdelalma.com\/wp-content\/uploads\/2025\/08\/LIVE-AQUA-logo.png\" class=\"attachment-full size-full wp-image-5729\" alt=\"\" srcset=\"https:\/\/lasformasdelalma.com\/wp-content\/uploads\/2025\/08\/LIVE-AQUA-logo.png 400w, https:\/\/lasformasdelalma.com\/wp-content\/uploads\/2025\/08\/LIVE-AQUA-logo-300x158.png 300w\" sizes=\"(max-width: 400px) 100vw, 400px\" \/>\t\t\t\t\t\t\t\t\t\t\t\t\t\t\t<\/div>\n\t\t\t\t<\/div>\n\t\t\t\t\t<\/div>\n\t\t\t\t<\/div>\n\t\t<div class=\"elementor-element elementor-element-e90aaa8 e-con-full e-flex qodef-elementor-content-no e-con e-child\" data-id=\"e90aaa8\" data-element_type=\"container\">\n\t\t\t\t<\/div>\n\t\t\t\t<\/div>\n\t\t<div class=\"elementor-element elementor-element-37120ef e-grid e-con-boxed qodef-elementor-content-no e-con e-parent\" data-id=\"37120ef\" data-element_type=\"container\" data-settings=\"{&quot;background_background&quot;:&quot;classic&quot;}\">\n\t\t\t\t\t<div class=\"e-con-inner\">\n\t\t\t\t<div class=\"elementor-element elementor-element-cc08a87 elementor-widget elementor-widget-text-editor\" data-id=\"cc08a87\" data-element_type=\"widget\" data-widget_type=\"text-editor.default\">\n\t\t\t\t\t\t\t\t\t<p>A 25 a\u00f1os de sus inicios y con un talento fuera de serie como dise\u00f1ador\u00a0gr\u00e1fico, director de arte y pintor, Uriel Santana ha desarrollado en la fotograf\u00eda\u00a0un estilo \u00fanico y que lo ha vinculado al mundo del arte y las celebridades como\u00a0a ning\u00fan otro creador de im\u00e1genes en M\u00e9xico y latinoam\u00e9rica, por su\u00a0extraordinario dominio de la luz a trav\u00e9s del lente.<\/p><p>Entre personajes, emociones e historias, Uriel refleja su sensibilidad en esa\u00a0pasi\u00f3n que convierte a cada imagen en un testimonio irrefutable de belleza.<\/p><p>Nacido en Guadalajara, Jalisco, Santana lleva hoy su arte a una de las\u00a0m\u00e1ximas expresiones art\u00edsticas: El Desnudo, siendo este quiz\u00e1s su trabajo m\u00e1s\u00a0personal hasta ahora en su exitosa trayectoria.<\/p><p>En esta magn\u00edfica obra, Las Formas Del Alma, hombres y mujeres han confiado en su lente para develar sus cuerpos al natural en una complicidad \u00fanica, capturando la belleza de la piel rebasando pudores. Una honesta y sensual armon\u00eda de sensibilidad y vulnerabilidad en cada uno de ellos.<\/p><p>Punto culminante es esta celebraci\u00f3n de 25 a\u00f1os de trayectoria, pues su nombre es ya referente de la fotograf\u00eda a nivel internacional, y es que el talento de este mexicano enigm\u00e1tico sigue conquistando otros pa\u00edses con su arte tan poderoso como sublime.<\/p><h5 style=\"color: #ffffff;\">\u201cNINGUNA MAGIA ME ACERCA CON TANTO PODER A OTRO CUERPO HUMANO COMO UNA FOTOGRAF\u00cdA.\u201d<\/h5><h6 class=\"qodef-m-subtitle\">URIEL SANTANA<\/h6>\t\t\t\t\t\t\t\t<\/div>\n\t\t\t\t<div class=\"elementor-element elementor-element-bc51b2e elementor-widget elementor-widget-image\" data-id=\"bc51b2e\" data-element_type=\"widget\" data-widget_type=\"image.default\">\n\t\t\t\t\t\t\t\t\t\t\t\t\t\t\t<img decoding=\"async\" src=\"https:\/\/lasformasdelalma.com\/wp-content\/uploads\/2025\/08\/Foto-Uriel.jpg\" title=\"Foto-Uriel\" alt=\"Foto-Uriel\" loading=\"lazy\" \/>\t\t\t\t\t\t\t\t\t\t\t\t\t\t\t<\/div>\n\t\t\t\t\t<\/div>\n\t\t\t\t<\/div>\n\t\t<div class=\"elementor-element elementor-element-f16e599 e-con-full e-flex qodef-elementor-content-no e-con e-parent\" data-id=\"f16e599\" data-element_type=\"container\">\n\t\t\t\t<div class=\"elementor-element elementor-element-767681b elementor-widget-divider--view-line elementor-widget elementor-widget-divider\" data-id=\"767681b\" data-element_type=\"widget\" data-widget_type=\"divider.default\">\n\t\t\t\t\t\t\t<div class=\"elementor-divider\">\n\t\t\t<span class=\"elementor-divider-separator\">\n\t\t\t\t\t\t<\/span>\n\t\t<\/div>\n\t\t\t\t\t\t<\/div>\n\t\t<div class=\"elementor-element elementor-element-4ffe5b2 e-con-full e-flex qodef-elementor-content-no e-con e-child\" data-id=\"4ffe5b2\" data-element_type=\"container\" data-settings=\"{&quot;background_background&quot;:&quot;classic&quot;}\">\n\t\t<div class=\"elementor-element elementor-element-d4595be e-con-full e-flex qodef-elementor-content-no e-con e-child\" data-id=\"d4595be\" data-element_type=\"container\" data-settings=\"{&quot;background_background&quot;:&quot;classic&quot;}\">\n\t\t<div class=\"elementor-element elementor-element-765c157 e-grid e-con-full qodef-elementor-content-no e-con e-child\" data-id=\"765c157\" data-element_type=\"container\">\n\t\t\t\t<div class=\"elementor-element elementor-element-76aaf3a elementor-widget elementor-widget-image\" data-id=\"76aaf3a\" data-element_type=\"widget\" data-widget_type=\"image.default\">\n\t\t\t\t\t\t\t\t\t\t\t\t\t\t\t<img loading=\"lazy\" decoding=\"async\" width=\"350\" height=\"115\" src=\"https:\/\/lasformasdelalma.com\/wp-content\/uploads\/2025\/08\/LFDA-ALCANCES-EN-REDES.png\" class=\"attachment-large size-large wp-image-5784\" alt=\"\" srcset=\"https:\/\/lasformasdelalma.com\/wp-content\/uploads\/2025\/08\/LFDA-ALCANCES-EN-REDES.png 350w, https:\/\/lasformasdelalma.com\/wp-content\/uploads\/2025\/08\/LFDA-ALCANCES-EN-REDES-300x99.png 300w\" sizes=\"(max-width: 350px) 100vw, 350px\" \/>\t\t\t\t\t\t\t\t\t\t\t\t\t\t\t<\/div>\n\t\t\t\t<div class=\"elementor-element elementor-element-cee3387 elementor-widget elementor-widget-image\" data-id=\"cee3387\" data-element_type=\"widget\" data-widget_type=\"image.default\">\n\t\t\t\t\t\t\t\t\t\t\t\t\t\t\t<img loading=\"lazy\" decoding=\"async\" width=\"350\" height=\"153\" src=\"https:\/\/lasformasdelalma.com\/wp-content\/uploads\/2025\/08\/ATENEA-media-logo.png\" class=\"attachment-large size-large wp-image-5728\" alt=\"\" srcset=\"https:\/\/lasformasdelalma.com\/wp-content\/uploads\/2025\/08\/ATENEA-media-logo.png 350w, https:\/\/lasformasdelalma.com\/wp-content\/uploads\/2025\/08\/ATENEA-media-logo-300x131.png 300w\" sizes=\"(max-width: 350px) 100vw, 350px\" \/>\t\t\t\t\t\t\t\t\t\t\t\t\t\t\t<\/div>\n\t\t\t\t<div class=\"elementor-element elementor-element-827a110 elementor-widget elementor-widget-image\" data-id=\"827a110\" data-element_type=\"widget\" data-widget_type=\"image.default\">\n\t\t\t\t\t\t\t\t\t\t\t\t\t\t\t<img loading=\"lazy\" decoding=\"async\" width=\"350\" height=\"221\" src=\"https:\/\/lasformasdelalma.com\/wp-content\/uploads\/2025\/08\/jmx.png\" class=\"attachment-large size-large wp-image-5783\" alt=\"\" srcset=\"https:\/\/lasformasdelalma.com\/wp-content\/uploads\/2025\/08\/jmx.png 350w, https:\/\/lasformasdelalma.com\/wp-content\/uploads\/2025\/08\/jmx-300x189.png 300w\" sizes=\"(max-width: 350px) 100vw, 350px\" \/>\t\t\t\t\t\t\t\t\t\t\t\t\t\t\t<\/div>\n\t\t\t\t<\/div>\n\t\t\t\t<\/div>\n\t\t\t\t<div class=\"elementor-element elementor-element-5795bc8 elementor-widget__width-inherit elementor-widget elementor-widget-image\" data-id=\"5795bc8\" data-element_type=\"widget\" data-widget_type=\"image.default\">\n\t\t\t\t\t\t\t\t\t\t\t\t\t\t\t<img loading=\"lazy\" decoding=\"async\" width=\"1400\" height=\"399\" src=\"https:\/\/lasformasdelalma.com\/wp-content\/uploads\/2025\/08\/LFDA-ALCANCES-EN-REDES.jpg\" class=\"attachment-full size-full wp-image-5763\" alt=\"\" srcset=\"https:\/\/lasformasdelalma.com\/wp-content\/uploads\/2025\/08\/LFDA-ALCANCES-EN-REDES.jpg 1400w, https:\/\/lasformasdelalma.com\/wp-content\/uploads\/2025\/08\/LFDA-ALCANCES-EN-REDES-600x171.jpg 600w, https:\/\/lasformasdelalma.com\/wp-content\/uploads\/2025\/08\/LFDA-ALCANCES-EN-REDES-300x86.jpg 300w, https:\/\/lasformasdelalma.com\/wp-content\/uploads\/2025\/08\/LFDA-ALCANCES-EN-REDES-1024x292.jpg 1024w, https:\/\/lasformasdelalma.com\/wp-content\/uploads\/2025\/08\/LFDA-ALCANCES-EN-REDES-768x219.jpg 768w\" sizes=\"(max-width: 1400px) 100vw, 1400px\" \/>\t\t\t\t\t\t\t\t\t\t\t\t\t\t\t<\/div>\n\t\t\t\t<\/div>\n\t\t\t\t<\/div>\n\t\t\t\t<\/div>\n\t\t","protected":false},"excerpt":{"rendered":"<p>A 25 a\u00f1os de sus inicios y con un talento fuera de serie como dise\u00f1ador\u00a0gr\u00e1fico, director de arte y pintor, Uriel Santana ha desarrollado en la fotograf\u00eda\u00a0un estilo \u00fanico y que lo ha vinculado al mundo del arte y las celebridades como\u00a0a ning\u00fan otro creador de im\u00e1genes en M\u00e9xico y latinoam\u00e9rica, por su\u00a0extraordinario dominio de [&hellip;]<\/p>\n","protected":false},"author":1,"featured_media":0,"parent":0,"menu_order":0,"comment_status":"closed","ping_status":"closed","template":"page-full-width.php","meta":{"footnotes":""},"class_list":["post-5647","page","type-page","status-publish","hentry"],"_links":{"self":[{"href":"https:\/\/lasformasdelalma.com\/index.php?rest_route=\/wp\/v2\/pages\/5647","targetHints":{"allow":["GET"]}}],"collection":[{"href":"https:\/\/lasformasdelalma.com\/index.php?rest_route=\/wp\/v2\/pages"}],"about":[{"href":"https:\/\/lasformasdelalma.com\/index.php?rest_route=\/wp\/v2\/types\/page"}],"author":[{"embeddable":true,"href":"https:\/\/lasformasdelalma.com\/index.php?rest_route=\/wp\/v2\/users\/1"}],"replies":[{"embeddable":true,"href":"https:\/\/lasformasdelalma.com\/index.php?rest_route=%2Fwp%2Fv2%2Fcomments&post=5647"}],"version-history":[{"count":165,"href":"https:\/\/lasformasdelalma.com\/index.php?rest_route=\/wp\/v2\/pages\/5647\/revisions"}],"predecessor-version":[{"id":5881,"href":"https:\/\/lasformasdelalma.com\/index.php?rest_route=\/wp\/v2\/pages\/5647\/revisions\/5881"}],"wp:attachment":[{"href":"https:\/\/lasformasdelalma.com\/index.php?rest_route=%2Fwp%2Fv2%2Fmedia&parent=5647"}],"curies":[{"name":"wp","href":"https:\/\/api.w.org\/{rel}","templated":true}]}}